git of c?
1
Let n(p) = -28*p**3 - p**2 - p + 1. Let s be n(1). Suppose 7*g + 19 = -100. Let c = g - s. What is the tens digit of c?
1
Let l = 10 + -12. What is the hundreds digit of (-3 - (-480)/l - 1)/(-2)?
1
Let n be (-23)/(-5) + (-2)/(-5). Let m(y) = y**2 - 5*y - 3. Let i be m(n). Let z = 5 + i. What is the units digit of z?
2
Let z(s) = -s**2 + 5*s - 13. Let y(d) = 11*d - 16 + 0 - 11 - 2*d - 2*d**2. Let f(o) = -6*y(o) + 13*z(o). What is the units digit of f(9)?
1
Let q(n) = 6*n**2 + 2*n - 26. What is the units digit of q(-8)?
2
Suppose 544 = -10*i + 2184. What is the units digit of i?
4
What is the tens digit of ((-2)/(12/3387))/((-29)/58)?
2
Let l(a) = -a**2 + 9*a - 8. Let c be l(8). Suppose -5*r + 4 + 21 = c. Let g = r - 0. What is the units digit of g?
5
Suppose -5*o = -2*f + f + 16, -4*o = 0. Suppose 140 + f = 3*t. What is the tens digit of t?
5
What is the units digit of (5 - -4) + -6 - (-1456 + -3)?
2
Let x = -26 - -24. Let s be (5/x)/((-16)/1152). Let l = s + -125. What is the tens digit of l?
5
Suppose -4*n = -4*k + 1036, -n = -2*k - 2*n + 506. Suppose 11*d - 8*d - k = 0. What is the tens digit of d?
8
Let g = 32 - 28. Suppose k = -3*s - 33 + 88, -g*s - 5*k + 55 = 0. What is the tens digit of s?
2
Let t = 5367 - 3804. What is the thousands digit of t?
1
Suppose 0 = 3*p + 3*v - 632 - 2164, 0 = p - v - 934. What is the hundreds digit of p?
9
Let s(w) = 9*w + 5. Let d be 22*(-2)/(-4) - (-1 + 2). What is the tens digit of s(d)?
9
Let a(k) = -4*k + 8. Let b be (-3)/(-9) + (-320)/24. What is the units digit of a(b)?
0
Let s(c) = c**3 - 2*c**2 + 1. Suppose -3 - 5 = -4*l. Let w be s(l). What is the tens digit of w*124/(-8)*-2?
3
Suppose -133*c + 141*c = 9320. What is the units digit of c?
5
Suppose 0 = -o - m + 5*m + 14, -2*o + 16 = -2*m. Suppose n = -o*n + 21. What is the units digit of n?
3
Let d = -13 + -14. Let t = d + 67. Suppose -2*g + t = -0*g. What is the units digit of g?
0
What is the tens digit of (-6)/(-120)*33692 + 4/10?
8
Let v(s) = -s**2 + 10*s + 3. Let n be v(7). Let q = n + -16. What is the units digit of q?
8
Suppose 0 = -3*n - 5*l + 6458, -2*l - 4783 - 1668 = -3*n. What is the hundreds digit of n?
1
Let u(h) = h**2 - 6*h + 8. Let y be (2/2)/(2/20). Let t be u(y). Let p = t + -3. What is the units digit of p?
5
Suppose 0 = 146*x - 150*x + 3856. What is the tens digit of x?
6
Let a(c) = 83*c + 2. Let f be a(-1). Let j = f - -196. What is the tens digit of j?
1
Let u(m) = 6*m**2 + 19*m - 31. What is the hundreds digit of u(10)?
7
Suppose 0 = 4*m + 4*w - 264, -w + 20 = -5*w. Suppose 318 = -65*t + m*t. What is the units digit of t?
3
Suppose 0 = -2*j + 3*v - 2, -4*v + 2 - 4 = -5*j. Suppose -4*f - 22 = -j*w, -4*f + 5*w - w = 24. What is the units digit of 4 + f + (-8)/(-4)?
1
Suppose -3*j = 3*b - 1074, -15*j + 4 = -19*j. What is the units digit of b?
9
Suppose 20 = -5*a, 22*h = 20*h + 4*a + 3452. What is the hundreds digit of h?
7
Let w = 462 - 459. What is the units digit of w?
3
Suppose 0 = 2*n + 2*h - 4 + 2, -26 = -5*n + 2*h. Suppose 3*b - 6 = 4*b - n*r, -2*b + r = -2. Suppose t - 3*t + b = 0. What is the units digit of t?
1
Let b(t) = 3*t**2 - 4*t + 3. Let s be b(1). Suppose -4*w + s*w = -206. What is the tens digit of w?
0
Suppose -15*n + 20*n - 19843 = y, y = -4*n + 15869. What is the tens digit of n?
6
Suppose 0 = s + 3*n - 1, 2*s - 5*n = 11 + 2. Let u(w) = 16*w + 13. What is the units digit of u(s)?
7
Let j(k) = 36*k**2 + 7*k + 28. What is the hundreds digit of j(-4)?
5
Let w be 14/(-21) + 28/6. What is the tens digit of (-205 + -1)*w/(-8)?
0
Let o = 26 - 16. Let s(m) be the third derivative of -m**5/60 + 11*m**4/24 - 5*m**3/6 + 3*m**2. What is the units digit of s(o)?
5
Suppose 5*a = -5*t + 1400, 290 = a - 6*t + 5*t. What is the units digit of a?
5
Let p(m) = m**3 + 31*m**2 - 17*m - 57. What is the tens digit of p(-19)?
9
Let h(g) = -g**3 - 2*g**2 + 2*g. Let k be (-7 + 11)*2/8. Suppose 0 = -2*s + k - 9. What is the units digit of h(s)?
4
Let q(r) = -r + 2*r**2 + 5 - 7 + 6 + 0. Suppose 3*k - 2*k = -3. What is the tens digit of q(k)?
2
Suppose 5*u - 5 = 0, 2*u - 1 = -2*k - 3*u. Let x = k + 30. What is the units digit of x?
8
Suppose 6*a - 316 - 380 = 0. Suppose a = -9*z + 11*z. What is the units digit of z?
8
Let a(l) = 4*l**2 - 2*l - 21. What is the tens digit of a(6)?
1
Let y = 1792 - -55. What is the hundreds digit of y?
8
Suppose -87*n + 88*n = 163. What is the units digit of n?
3
Let r = -65 + 102. Let t = r - 16. Let n = 20 + t. What is the units digit of n?
1
Let s(t) = -t**3 - 8*t**2 + 9*t + 3. Let w be s(-9). Let i(m) = 4 - w + 2 + 2*m**2 + 1 - 7*m. What is the units digit of i(4)?
8
Let o(n) = -276*n. Let y be o(-1). Suppose 16*k - 20*k = -y. What is the units digit of k?
9
Let i be -4 + (4 - 2 - 5). Suppose 0 = 4*j + 732 + 184. What is the units digit of j/i + 12/42?
3
Suppose 9*m + 3*r - 3322 = 7*m, 8295 = 5*m + 5*r. What is the thousands digit of m?
1
Suppose 5*m = -17*m + 36938. What is the thousands digit of m?
1
Suppose 3 = k - 2. Suppose -k*o + 11 = -2*z - 466, -o = z - 101. What is the units digit of o?
7
Let v be (-251 + -1)*(-4)/6. What is the units digit of (v + 3)/3 - 4?
3
Suppose -52*w = -55*w - q + 8111, 4*q - 8 = 0. What is the hundreds digit of w?
7
Let t(m) = -3*m**2 + 2*m + 5. Let j be t(5). Let z = j - -69. What is the units digit of z?
9
Let j(s) = 6*s**2 + 46*s - 20. What is the hundreds digit of j(-11)?
2
Suppose 8*m + 3*m = 4147. What is the tens digit of m?
7
Suppose -3*i + 5*q + 2 = 0, -4*q + 3*q + 18 = 4*i. Suppose 0 = -i*d + 55 + 17. Let o = d + 0. What is the units digit of o?
8
Suppose -2*x - 2 = 4*k, -7*x + 4*x = -k + 3. Let q be 4 - (3 + x - 3). Suppose -q*i + 70 = -20. What is the tens digit of i?
1
What is the tens digit of ((-1464)/(-14))/(6/21)?
6
Let t(p) = 37*p**3 - 21*p**2 - 4*p. Let y(l) = 9*l**3 - 5*l**2 - l. Let u(s) = 2*t(s) - 9*y(s). What is the tens digit of u(-2)?
6
Suppose 5*u = -5*n + 10, -u + 0*n = 5*n + 2. What is the tens digit of (-93)/(-6) - u/2 - 0?
1
Let o(q) = -q**2 - 4*q - 1. Let m be o(-3). Let u be ((-13)/(-4))/(m/8). Suppose 0 = 10*i - u*i + 132. What is the tens digit of i?
4
Let f = -33 + 27. Let t be (-2)/3 + 20/f. What is the units digit of 26 - 0 - (t + 6)?
4
Let k = -25 + 32. Suppose k*s = -2 + 128. What is the units digit of s?
8
Let u = 4047 - 2169. What is the units digit of u?
8
Let w(a) = 2*a**2 - 77*a - 213. What is the hundreds digit of w(-29)?
7
Let r = -2716 - -3111. What is the units digit of r?
5
Suppose -2 - 5 = p. Let c = p - -9. What is the units digit of c/(2 - 0) + 20?
1
Let g be (-2 + 6/4)*0. Suppose -3*c + 168 = -g*c. What is the units digit of c?
6
Let h be -3 - (-1 - -3) - -2. Let u be (1/h)/(1/(-165)). Suppose 0 = 5*z - 0*z - u. What is the units digit of z?
1
Suppose 3*t - 99 = -3*c, 8*t + 125 = 13*t - 3*c. Let q = 56 + t. What is the units digit of q?
4
Let h(t) = t**3 + 5*t**2 + 5*t + 6. Let c = 7 + -11. Let i be h(c). Suppose -15 = -i*l - j, 0 = 4*l - 2*j - 40 - 10. What is the units digit of l?
0
Let s = -21 + 27. Let c be s/8 - 15/20. Suppose c = 6*j + j - 105. What is the tens digit of j?
1
Let q(l) = -117*l + 786. What is the thousands digit of q(-11)?
2
Suppose 6*c + 20 = 2*c. Let p = 427 + -382. Let d = p - c. What is the units digit of d?
0
Let u(r) = 36*r**2 + 9*r + 1. Let q be u(3). Let t = -245 + q. What is the hundreds digit of t?
1
Let v be (-430)/(-60) + (-7)/6 + 1. Suppose 0 = -v*c - 749 + 2422. What is the tens digit of c?
3
Let a = 1009 + -652. What is the hundreds digit of a?
3
What is the hundreds digit of -1*((-12)/48)/(1/2708)?
6
Suppose -2*c - 9 = -2*b + 5, 17 = 5*b + c. Suppose p - 48 = b*p. Let i = p - -34. What is the units digit of i?
8
Let c(x) = -x**3 - x**2 + 10*x + 1606. What is the hundreds digit of c(0)?
6
Suppose 4*q + 46 + 438 = 3*t, 0 = t - q - 161. What is the tens digit of t?
6
What is the tens digit of 108/(-20) + (-14)/(-35) + 619?
1
Let d(r) = r + 2. Suppose 3*z - 48 = -12. What is the units digit of d(z)?
4
Let d(j) = 2537*j**3 + 3*j**2 - 2. Let z be d(1). What is the units digit of (-12)/42 + z/14?
1
Suppose -j + 7 = -4*c, 0*c + j + 1 = -4*c. What is the tens digit of (c + (-9)/(-6))*(161 - -3)?
8
Suppose -b - 253 = -4*m, 4*m - 3*b + 0*b - 255 = 0. Let f = m - 21. What is the 